{"id":229,"date":"2020-10-10T07:58:52","date_gmt":"2020-10-10T07:58:52","guid":{"rendered":"http:\/\/localhost\/kiara\/?post_type=product&#038;p=229"},"modified":"2024-09-10T08:46:08","modified_gmt":"2024-09-10T08:46:08","slug":"korper-boost-kapseln","status":"publish","type":"product","link":"https:\/\/kiaranaturals.com\/pro-de\/buy\/recover\/immune-strength-capsules\/","title":{"rendered":"K\u00f6rper Boost Kapseln"},"excerpt":{"rendered":"<p>Pr\u00e4vention ist die beste Medizin. Unsere K\u00f6rper Boost Kapseln halten Ihren K\u00f6rper nicht nur gesund und stark, sondern verbessern ebenfalls dessen F\u00e4higkeit, sich an all die potenziellen Herausforderungen, welche sich das Immunsystem konfrontiert sieht, anzupassen.<\/p>\n","protected":false},"featured_media":1520,"template":"","meta":{"inline_featured_image":false},"product_cat":[42,27,22],"product_tag":[90,88,53,87,47],"class_list":["post-229","product","type-product","status-publish","has-post-thumbnail","hentry","type-kapseln","product_cat-cbd-kapseln","product_cat-cbd-for-recovery","product_cat-cbd-for-everyday-wellness","product_tag-ashwagandha-withania-somnifera","product_tag-astragalus-membranaceus","product_tag-ingwer-zingiber-officinalis","product_tag-reishi-ganoderma-lucidum","product_tag-sibirischer-ginseng"],"acf":[],"yoast_head":"<!-- This site is optimized with the Yoast SEO plugin v19.1 - https:\/\/yoast.com\/wordpress\/plugins\/seo\/ -->\n<title>K\u00f6rper Boost Kapseln - Kiara Pro DE<\/title>\n<meta name=\"robots\" content=\"index, follow, max-snippet:-1, max-image-preview:large, max-video-preview:-1\" \/>\n<link rel=\"canonical\" href=\"https:\/\/kiaranaturals.com\/pro-de\/buy\/recover\/immune-strength-capsules\/\" \/>\n<meta property=\"og:locale\" content=\"de_DE\" \/>\n<meta property=\"og:type\" content=\"article\" \/>\n<meta property=\"og:title\" content=\"K\u00f6rper Boost Kapseln - Kiara Pro DE\" \/>\n<meta property=\"og:description\" content=\"Pr\u00e4vention ist die beste Medizin. Unsere K\u00f6rper Boost Kapseln halten Ihren K\u00f6rper nicht nur gesund und stark, sondern verbessern ebenfalls dessen F\u00e4higkeit, sich an all die potenziellen Herausforderungen, welche sich das Immunsystem konfrontiert sieht, anzupassen.\" \/>\n<meta property=\"og:url\" content=\"https:\/\/kiaranaturals.com\/pro-de\/buy\/recover\/immune-strength-capsules\/\" \/>\n<meta property=\"og:site_name\" content=\"Kiara Pro DE\" \/>\n<meta property=\"article:modified_time\" content=\"2024-09-10T08:46:08+00:00\" \/>\n<meta property=\"og:image\" content=\"https:\/\/kiaranaturals.com\/wp-content\/uploads\/sites\/12\/2020\/10\/Body-Boost-Capsules-main.png\" \/>\n\t<meta property=\"og:image:width\" content=\"1400\" \/>\n\t<meta property=\"og:image:height\" content=\"1400\" \/>\n\t<meta property=\"og:image:type\" content=\"image\/png\" \/>\n<meta name=\"twitter:card\" content=\"summary_large_image\" \/>\n<script type=\"application\/ld+json\" class=\"yoast-schema-graph\">{\"@context\":\"https:\/\/schema.org\",\"@graph\":[{\"@type\":\"WebSite\",\"@id\":\"https:\/\/kiaranaturals.com\/pro-de\/#website\",\"url\":\"https:\/\/kiaranaturals.com\/pro-de\/\",\"name\":\"Kiara Pro DE\",\"description\":\"\",\"potentialAction\":[{\"@type\":\"SearchAction\",\"target\":{\"@type\":\"EntryPoint\",\"urlTemplate\":\"https:\/\/kiaranaturals.com\/pro-de\/?s={search_term_string}\"},\"query-input\":\"required name=search_term_string\"}],\"inLanguage\":\"de-DE\"},{\"@type\":\"ImageObject\",\"inLanguage\":\"de-DE\",\"@id\":\"https:\/\/kiaranaturals.com\/pro-de\/buy\/recover\/immune-strength-capsules\/#primaryimage\",\"url\":\"https:\/\/kiaranaturals.com\/wp-content\/uploads\/sites\/12\/2020\/10\/Body-Boost-Capsules-main.png\",\"contentUrl\":\"https:\/\/kiaranaturals.com\/wp-content\/uploads\/sites\/12\/2020\/10\/Body-Boost-Capsules-main.png\",\"width\":1400,\"height\":1400},{\"@type\":\"WebPage\",\"@id\":\"https:\/\/kiaranaturals.com\/pro-de\/buy\/recover\/immune-strength-capsules\/#webpage\",\"url\":\"https:\/\/kiaranaturals.com\/pro-de\/buy\/recover\/immune-strength-capsules\/\",\"name\":\"K\u00f6rper Boost Kapseln - Kiara Pro DE\",\"isPartOf\":{\"@id\":\"https:\/\/kiaranaturals.com\/pro-de\/#website\"},\"primaryImageOfPage\":{\"@id\":\"https:\/\/kiaranaturals.com\/pro-de\/buy\/recover\/immune-strength-capsules\/#primaryimage\"},\"datePublished\":\"2020-10-10T07:58:52+00:00\",\"dateModified\":\"2024-09-10T08:46:08+00:00\",\"breadcrumb\":{\"@id\":\"https:\/\/kiaranaturals.com\/pro-de\/buy\/recover\/immune-strength-capsules\/#breadcrumb\"},\"inLanguage\":\"de-DE\",\"potentialAction\":[{\"@type\":\"ReadAction\",\"target\":[\"https:\/\/kiaranaturals.com\/pro-de\/buy\/recover\/immune-strength-capsules\/\"]}]},{\"@type\":\"BreadcrumbList\",\"@id\":\"https:\/\/kiaranaturals.com\/pro-de\/buy\/recover\/immune-strength-capsules\/#breadcrumb\",\"itemListElement\":[{\"@type\":\"ListItem\",\"position\":1,\"name\":\"Home\",\"item\":\"https:\/\/kiaranaturals.com\/pro-de\/\"},{\"@type\":\"ListItem\",\"position\":2,\"name\":\"Shop\",\"item\":\"https:\/\/kiaranaturals.com\/pro-de\/buy\/\"},{\"@type\":\"ListItem\",\"position\":3,\"name\":\"K\u00f6rper Boost Kapseln\"}]}]}<\/script>\n<!-- \/ Yoast SEO plugin. -->","yoast_head_json":{"title":"K\u00f6rper Boost Kapseln - Kiara Pro DE","robots":{"index":"index","follow":"follow","max-snippet":"max-snippet:-1","max-image-preview":"max-image-preview:large","max-video-preview":"max-video-preview:-1"},"canonical":"https:\/\/kiaranaturals.com\/pro-de\/buy\/recover\/immune-strength-capsules\/","og_locale":"de_DE","og_type":"article","og_title":"K\u00f6rper Boost Kapseln - Kiara Pro DE","og_description":"Pr\u00e4vention ist die beste Medizin. Unsere K\u00f6rper Boost Kapseln halten Ihren K\u00f6rper nicht nur gesund und stark, sondern verbessern ebenfalls dessen F\u00e4higkeit, sich an all die potenziellen Herausforderungen, welche sich das Immunsystem konfrontiert sieht, anzupassen.","og_url":"https:\/\/kiaranaturals.com\/pro-de\/buy\/recover\/immune-strength-capsules\/","og_site_name":"Kiara Pro DE","article_modified_time":"2024-09-10T08:46:08+00:00","og_image":[{"width":1400,"height":1400,"url":"https:\/\/kiaranaturals.com\/wp-content\/uploads\/sites\/12\/2020\/10\/Body-Boost-Capsules-main.png","type":"image\/png"}],"twitter_card":"summary_large_image","schema":{"@context":"https:\/\/schema.org","@graph":[{"@type":"WebSite","@id":"https:\/\/kiaranaturals.com\/pro-de\/#website","url":"https:\/\/kiaranaturals.com\/pro-de\/","name":"Kiara Pro DE","description":"","potentialAction":[{"@type":"SearchAction","target":{"@type":"EntryPoint","urlTemplate":"https:\/\/kiaranaturals.com\/pro-de\/?s={search_term_string}"},"query-input":"required name=search_term_string"}],"inLanguage":"de-DE"},{"@type":"ImageObject","inLanguage":"de-DE","@id":"https:\/\/kiaranaturals.com\/pro-de\/buy\/recover\/immune-strength-capsules\/#primaryimage","url":"https:\/\/kiaranaturals.com\/wp-content\/uploads\/sites\/12\/2020\/10\/Body-Boost-Capsules-main.png","contentUrl":"https:\/\/kiaranaturals.com\/wp-content\/uploads\/sites\/12\/2020\/10\/Body-Boost-Capsules-main.png","width":1400,"height":1400},{"@type":"WebPage","@id":"https:\/\/kiaranaturals.com\/pro-de\/buy\/recover\/immune-strength-capsules\/#webpage","url":"https:\/\/kiaranaturals.com\/pro-de\/buy\/recover\/immune-strength-capsules\/","name":"K\u00f6rper Boost Kapseln - Kiara Pro DE","isPartOf":{"@id":"https:\/\/kiaranaturals.com\/pro-de\/#website"},"primaryImageOfPage":{"@id":"https:\/\/kiaranaturals.com\/pro-de\/buy\/recover\/immune-strength-capsules\/#primaryimage"},"datePublished":"2020-10-10T07:58:52+00:00","dateModified":"2024-09-10T08:46:08+00:00","breadcrumb":{"@id":"https:\/\/kiaranaturals.com\/pro-de\/buy\/recover\/immune-strength-capsules\/#breadcrumb"},"inLanguage":"de-DE","potentialAction":[{"@type":"ReadAction","target":["https:\/\/kiaranaturals.com\/pro-de\/buy\/recover\/immune-strength-capsules\/"]}]},{"@type":"BreadcrumbList","@id":"https:\/\/kiaranaturals.com\/pro-de\/buy\/recover\/immune-strength-capsules\/#breadcrumb","itemListElement":[{"@type":"ListItem","position":1,"name":"Home","item":"https:\/\/kiaranaturals.com\/pro-de\/"},{"@type":"ListItem","position":2,"name":"Shop","item":"https:\/\/kiaranaturals.com\/pro-de\/buy\/"},{"@type":"ListItem","position":3,"name":"K\u00f6rper Boost Kapseln"}]}]}},"_links":{"self":[{"href":"https:\/\/kiaranaturals.com\/pro-de\/wp-json\/wp\/v2\/product\/229","targetHints":{"allow":["GET"]}}],"collection":[{"href":"https:\/\/kiaranaturals.com\/pro-de\/wp-json\/wp\/v2\/product"}],"about":[{"href":"https:\/\/kiaranaturals.com\/pro-de\/wp-json\/wp\/v2\/types\/product"}],"wp:featuredmedia":[{"embeddable":true,"href":"https:\/\/kiaranaturals.com\/pro-de\/wp-json\/wp\/v2\/media\/1520"}],"wp:attachment":[{"href":"https:\/\/kiaranaturals.com\/pro-de\/wp-json\/wp\/v2\/media?parent=229"}],"wp:term":[{"taxonomy":"product_cat","embeddable":true,"href":"https:\/\/kiaranaturals.com\/pro-de\/wp-json\/wp\/v2\/product_cat?post=229"},{"taxonomy":"product_tag","embeddable":true,"href":"https:\/\/kiaranaturals.com\/pro-de\/wp-json\/wp\/v2\/product_tag?post=229"}],"curies":[{"name":"wp","href":"https:\/\/api.w.org\/{rel}","templated":true}]}}